CRAN Package Check Results for Package overdisp

Last updated on 2021-09-27 06:48:31 CEST.

Flavor Version Tinstall Tcheck Ttotal Status Flags
r-devel-linux-x86_64-debian-clang 0.1.1 1.80 19.67 21.47 NOTE
r-devel-linux-x86_64-debian-gcc 0.1.1 1.35 15.78 17.13 NOTE
r-devel-linux-x86_64-fedora-clang 0.1.1 36.79 NOTE
r-devel-linux-x86_64-fedora-gcc 0.1.1 24.80 NOTE
r-devel-windows-x86_64 0.1.1 4.00 24.00 28.00 NOTE
r-devel-windows-x86_64-gcc10-UCRT 0.1.1 NOTE
r-patched-linux-x86_64 0.1.1 1.73 19.15 20.88 NOTE
r-patched-solaris-x86 0.1.1 41.00 NOTE
r-release-linux-x86_64 0.1.1 1.79 19.12 20.91 NOTE
r-release-macos-arm64 0.1.1 NOTE
r-release-macos-x86_64 0.1.1 NOTE
r-release-windows-ix86+x86_64 0.1.1 4.00 25.00 29.00 NOTE
r-oldrel-macos-x86_64 0.1.1 OK
r-oldrel-windows-ix86+x86_64 0.1.1 4.00 24.00 28.00 OK

Check Details

Version: 0.1.1
Check: LazyData
Result: NOTE
     'LazyData' is specified without a 'data' directory
Flavors: r-devel-linux-x86_64-debian-clang, r-devel-linux-x86_64-debian-gcc, r-devel-linux-x86_64-fedora-clang, r-devel-linux-x86_64-fedora-gcc, r-devel-windows-x86_64, r-devel-windows-x86_64-gcc10-UCRT, r-patched-linux-x86_64, r-patched-solaris-x86, r-release-linux-x86_64, r-release-macos-arm64, r-release-macos-x86_64, r-release-windows-ix86+x86_64