CRAN Package Check Results for Package paf

Last updated on 2021-09-27 06:48:31 CEST.

Flavor Version Tinstall Tcheck Ttotal Status Flags
r-devel-linux-x86_64-debian-clang 1.0 6.02 61.64 67.66 NOTE
r-devel-linux-x86_64-debian-gcc 1.0 5.55 46.39 51.94 NOTE
r-devel-linux-x86_64-fedora-clang 1.0 87.70 NOTE
r-devel-linux-x86_64-fedora-gcc 1.0 76.98 NOTE
r-devel-windows-x86_64 1.0 7.00 63.00 70.00 NOTE
r-devel-windows-x86_64-gcc10-UCRT 1.0 NOTE
r-patched-linux-x86_64 1.0 6.82 58.36 65.18 NOTE
r-patched-solaris-x86 1.0 122.40 NOTE
r-release-linux-x86_64 1.0 6.20 57.91 64.11 NOTE
r-release-macos-arm64 1.0 NOTE
r-release-macos-x86_64 1.0 NOTE
r-release-windows-ix86+x86_64 1.0 15.00 59.00 74.00 NOTE
r-oldrel-macos-x86_64 1.0 NOTE
r-oldrel-windows-ix86+x86_64 1.0 11.00 59.00 70.00 NOTE

Check Details

Version: 1.0
Check: R code for possible problems
Result: NOTE
    paf: no visible global function definition for 'as.formula'
    paf: no visible global function definition for 'model.response'
    paf: no visible global function definition for 'model.frame'
    paf: no visible global function definition for 'model.matrix'
    plot.paf: no visible global function definition for 'lines'
    Undefined global functions or variables:
     as.formula lines model.frame model.matrix model.response
    Consider adding
     importFrom("graphics", "lines")
     importFrom("stats", "as.formula", "model.frame", "model.matrix",
     "model.response")
    to your NAMESPACE file.
Flavors: r-devel-linux-x86_64-debian-clang, r-devel-linux-x86_64-debian-gcc, r-devel-linux-x86_64-fedora-clang, r-devel-linux-x86_64-fedora-gcc, r-devel-windows-x86_64, r-devel-windows-x86_64-gcc10-UCRT, r-patched-linux-x86_64, r-patched-solaris-x86, r-release-linux-x86_64, r-release-macos-arm64, r-release-macos-x86_64, r-release-windows-ix86+x86_64, r-oldrel-macos-x86_64, r-oldrel-windows-ix86+x86_64