CRAN Package Check Results for Package paleoTS

Last updated on 2021-09-17 06:48:52 CEST.

Flavor Version Tinstall Tcheck Ttotal Status Flags
r-devel-linux-x86_64-debian-clang 0.5.2 7.15 59.40 66.55 OK
r-devel-linux-x86_64-debian-gcc 0.5.2 4.88 43.50 48.38 OK
r-devel-linux-x86_64-fedora-clang 0.5.2 84.14 NOTE
r-devel-linux-x86_64-fedora-gcc 0.5.2 74.03 NOTE
r-devel-windows-x86_64 0.5.2 6.00 76.00 82.00 OK
r-devel-windows-x86_64-gcc10-UCRT 0.5.2 NOTE
r-patched-linux-x86_64 0.5.2 8.22 55.74 63.96 OK
r-patched-solaris-x86 0.5.2 98.60 NOTE
r-release-linux-x86_64 0.5.2 6.53 55.80 62.33 OK
r-release-macos-arm64 0.5.2 NOTE
r-release-macos-x86_64 0.5.2 NOTE
r-release-windows-ix86+x86_64 0.5.2 11.00 54.00 65.00 OK
r-oldrel-macos-x86_64 0.5.2 NOTE
r-oldrel-windows-ix86+x86_64 0.5.2 9.00 69.00 78.00 OK

Check Details

Version: 0.5.2
Check: dependencies in R code
Result: NOTE
    Namespace in Imports field not imported from: ‘iterators’
     All declared Imports should be used.
Flavors: r-devel-linux-x86_64-fedora-clang, r-devel-linux-x86_64-fedora-gcc, r-devel-windows-x86_64-gcc10-UCRT, r-patched-solaris-x86, r-release-macos-arm64, r-release-macos-x86_64, r-oldrel-macos-x86_64