CRAN Package Check Results for Package parallelMap

Last updated on 2021-10-22 12:59:23 CEST.

Flavor Version Tinstall Tcheck Ttotal Status Flags
r-devel-linux-x86_64-debian-clang 1.5.1 2.91 52.64 55.55 OK
r-devel-linux-x86_64-debian-gcc 1.5.1 2.54 42.34 44.88 OK
r-devel-linux-x86_64-fedora-clang 1.5.1 77.91 OK
r-devel-linux-x86_64-fedora-gcc 1.5.1 67.84 OK
r-devel-windows-x86_64 1.5.1 5.00 90.00 95.00 OK
r-devel-windows-x86_64-gcc10-UCRT 1.5.1 OK
r-patched-linux-x86_64 1.5.1 3.14 50.80 53.94 OK
r-patched-solaris-x86 1.5.1 127.30 OK
r-release-linux-x86_64 1.5.1 3.19 51.35 54.54 OK
r-release-macos-arm64 1.5.1 NOTE
r-release-macos-x86_64 1.5.1 NOTE
r-release-windows-ix86+x86_64 1.5.1 4.00 82.00 86.00 OK
r-oldrel-macos-x86_64 1.5.1 NOTE
r-oldrel-windows-ix86+x86_64 1.5.1 7.00 96.00 103.00 OK

Check Details

Version: 1.5.1
Check: package dependencies
Result: NOTE
    Package suggested but not available for checking: ‘Rmpi’
Flavors: r-release-macos-arm64, r-release-macos-x86_64, r-oldrel-macos-x86_64