CRAN Package Check Results for Package parcats

Last updated on 2021-10-21 12:58:09 CEST.

Flavor Version Tinstall Tcheck Ttotal Status Flags
r-devel-linux-x86_64-debian-clang 0.0.3 13.35 147.73 161.08 OK
r-devel-linux-x86_64-debian-gcc 0.0.3 11.80 112.59 124.39 OK
r-devel-linux-x86_64-fedora-clang 0.0.3 201.80 NOTE
r-devel-linux-x86_64-fedora-gcc 0.0.3 192.28 NOTE
r-devel-windows-x86_64 0.0.3 18.00 178.00 196.00 OK
r-devel-windows-x86_64-gcc10-UCRT 0.0.3 NOTE
r-patched-linux-x86_64 0.0.3 13.47 140.10 153.57 OK
r-patched-solaris-x86 0.0.3 238.40 NOTE
r-release-linux-x86_64 0.0.3 13.91 142.18 156.09 OK
r-release-macos-arm64 0.0.2 NOTE
r-release-macos-x86_64 0.0.3 NOTE
r-release-windows-ix86+x86_64 0.0.3 25.00 127.00 152.00 OK
r-oldrel-macos-x86_64 0.0.3 NOTE
r-oldrel-windows-ix86+x86_64 0.0.3 23.00 128.00 151.00 OK

Check Details

Version: 0.0.3
Check: dependencies in R code
Result: NOTE
    Namespaces in Imports field not imported from:
     ‘magrittr’ ‘tibble’
     All declared Imports should be used.
Flavors: r-devel-linux-x86_64-fedora-clang, r-devel-linux-x86_64-fedora-gcc, r-devel-windows-x86_64-gcc10-UCRT, r-patched-solaris-x86, r-release-macos-x86_64, r-oldrel-macos-x86_64

Version: 0.0.2
Check: dependencies in R code
Result: NOTE
    Namespaces in Imports field not imported from:
     ‘magrittr’ ‘tibble’
     All declared Imports should be used.
Flavor: r-release-macos-arm64

Version: 0.0.2
Check: LazyData
Result: NOTE
     'LazyData' is specified without a 'data' directory
Flavor: r-release-macos-arm64