CRAN Package Check Results for Package parfm

Last updated on 2021-09-25 06:49:28 CEST.

Flavor Version Tinstall Tcheck Ttotal Status Flags
r-devel-linux-x86_64-debian-clang 2.7.6 10.14 229.40 239.54 NOTE
r-devel-linux-x86_64-debian-gcc 2.7.6 8.44 160.79 169.23 NOTE
r-devel-linux-x86_64-fedora-clang 2.7.6 274.65 NOTE
r-devel-linux-x86_64-fedora-gcc 2.7.6 260.35 NOTE
r-devel-windows-x86_64 2.7.6 11.00 194.00 205.00 OK
r-devel-windows-x86_64-gcc10-UCRT 2.7.6 OK
r-patched-linux-x86_64 2.7.6 14.86 209.58 224.44 NOTE
r-patched-solaris-x86 2.7.6 349.00 NOTE
r-release-linux-x86_64 2.7.6 9.98 208.84 218.82 NOTE
r-release-macos-arm64 2.7.6 OK
r-release-macos-x86_64 2.7.6 OK
r-release-windows-ix86+x86_64 2.7.6 19.00 182.00 201.00 OK
r-oldrel-macos-x86_64 2.7.6 OK
r-oldrel-windows-ix86+x86_64 2.7.6 15.00 185.00 200.00 OK

Check Details

Version: 2.7.6
Check: for non-standard things in the check directory
Result: NOTE
    Found the following files/directories:
     'NUL'
Flavors: r-devel-linux-x86_64-debian-clang, r-devel-linux-x86_64-debian-gcc, r-devel-linux-x86_64-fedora-clang, r-devel-linux-x86_64-fedora-gcc, r-patched-linux-x86_64, r-patched-solaris-x86, r-release-linux-x86_64