CRAN Package Check Results for Package partition

Last updated on 2021-11-27 08:50:45 CET.

Flavor Version Tinstall Tcheck Ttotal Status Flags
r-devel-linux-x86_64-debian-clang 0.1.4 OK
r-devel-linux-x86_64-debian-gcc 0.1.4 73.63 209.19 282.82 OK
r-devel-linux-x86_64-fedora-clang 0.1.4 512.40 NOTE
r-devel-linux-x86_64-fedora-gcc 0.1.4 479.84 OK
r-devel-windows-x86_64-new-UL 0.1.4 141.00 391.00 532.00 OK
r-devel-windows-x86_64-new-TK 0.1.4 OK
r-devel-windows-x86_64-old 0.1.4 119.00 406.00 525.00 OK
r-patched-linux-x86_64 0.1.4 88.15 281.87 370.02 OK
r-patched-solaris-x86 0.1.4 270.10 OK
r-release-linux-x86_64 0.1.4 OK
r-release-macos-arm64 0.1.4 NOTE
r-release-macos-x86_64 0.1.4 NOTE
r-release-windows-ix86+x86_64 0.1.4 261.00 309.00 570.00 NOTE
r-oldrel-macos-x86_64 0.1.4 NOTE
r-oldrel-windows-ix86+x86_64 0.1.4 234.00 446.00 680.00 NOTE

Check Details

Version: 0.1.4
Check: installed package size
Result: NOTE
     installed size is 6.0Mb
     sub-directories of 1Mb or more:
     doc 1.2Mb
     libs 3.6Mb
Flavors: r-devel-linux-x86_64-fedora-clang, r-release-macos-arm64, r-release-macos-x86_64, r-release-windows-ix86+x86_64, r-oldrel-macos-x86_64, r-oldrel-windows-ix86+x86_64