CRAN Package Check Results for Package pathwayTMB

Last updated on 2021-10-22 12:59:23 CEST.

Flavor Version Tinstall Tcheck Ttotal Status Flags
r-devel-linux-x86_64-debian-clang 0.1.1 50.64 518.01 568.65 OK
r-devel-linux-x86_64-debian-gcc 0.1.1 44.74 389.03 433.77 OK
r-devel-linux-x86_64-fedora-clang 0.1.1 740.61 OK
r-devel-linux-x86_64-fedora-gcc 0.1.1 721.18 OK
r-devel-windows-x86_64 0.1.1 80.00 587.00 667.00 OK
r-devel-windows-x86_64-gcc10-UCRT 0.1.1 ERROR
r-patched-linux-x86_64 0.1.1 50.35 490.17 540.52 OK
r-patched-solaris-x86 0.1.1 883.40 OK
r-release-linux-x86_64 0.1.1 50.82 489.15 539.97 OK
r-release-macos-arm64 0.1.0 OK
r-release-macos-x86_64 0.1.1 ERROR
r-release-windows-ix86+x86_64 0.1.1 83.00 424.00 507.00 OK

Check Details

Version: 0.1.1
Check: package dependencies
Result: ERROR
    Package required but not available: 'clusterProfiler'
    
    See section 'The DESCRIPTION file' in the 'Writing R Extensions'
    manual.
Flavor: r-devel-windows-x86_64-gcc10-UCRT

Version: 0.1.1
Check: package dependencies
Result: ERROR
    Packages required but not available: 'maftools', 'clusterProfiler'
    
    See section ‘The DESCRIPTION file’ in the ‘Writing R Extensions’
    manual.
Flavor: r-release-macos-x86_64