CRAN Package Check Results for Package paws.compute

Last updated on 2021-09-21 06:48:40 CEST.

Flavor Version Tinstall Tcheck Ttotal Status Flags
r-devel-linux-x86_64-debian-clang 0.1.12 78.92 144.24 223.16 OK
r-devel-linux-x86_64-debian-gcc 0.1.12 63.73 106.81 170.54 OK
r-devel-linux-x86_64-fedora-clang 0.1.12 287.19 OK
r-devel-linux-x86_64-fedora-gcc 0.1.12 271.03 OK
r-devel-windows-x86_64 0.1.12 86.00 125.00 211.00 OK
r-devel-windows-x86_64-gcc10-UCRT 0.1.12 ERROR
r-patched-linux-x86_64 0.1.12 88.25 139.36 227.61 OK
r-patched-solaris-x86 0.1.12 317.90 OK
r-release-linux-x86_64 0.1.12 74.96 137.38 212.34 OK
r-release-macos-arm64 0.1.12 NOTE
r-release-macos-x86_64 0.1.12 OK
r-release-windows-ix86+x86_64 0.1.12 126.00 137.00 263.00 OK
r-oldrel-macos-x86_64 0.1.12 OK
r-oldrel-windows-ix86+x86_64 0.1.12 123.00 127.00 250.00 OK

Check Details

Version: 0.1.12
Check: whether package can be installed
Result: WARN
    Found the following significant warnings:
     WARNING: installation-time patches will not be applied, could not get the patches index
Flavor: r-devel-windows-x86_64-gcc10-UCRT

Version: 0.1.12
Check: PDF version of manual
Result: WARN
    LaTeX errors when creating PDF version.
    This typically indicates Rd problems.
Flavor: r-devel-windows-x86_64-gcc10-UCRT

Version: 0.1.12
Check: PDF version of manual without hyperrefs or index
Result: ERROR
    Re-running with no redirection of stdout/stderr.
Flavor: r-devel-windows-x86_64-gcc10-UCRT

Version: 0.1.12
Check: installed package size
Result: NOTE
     installed size is 5.8Mb
     sub-directories of 1Mb or more:
     R 2.0Mb
     help 3.6Mb
Flavor: r-release-macos-arm64