CRAN Package Check Results for Package paws.management

Last updated on 2021-09-21 06:48:40 CEST.

Flavor Version Tinstall Tcheck Ttotal Status Flags
r-devel-linux-x86_64-debian-clang 0.1.12 62.04 131.23 193.27 OK
r-devel-linux-x86_64-debian-gcc 0.1.12 54.70 95.92 150.62 OK
r-devel-linux-x86_64-fedora-clang 0.1.12 246.60 OK
r-devel-linux-x86_64-fedora-gcc 0.1.12 233.37 OK
r-devel-windows-x86_64 0.1.12 74.00 112.00 186.00 OK
r-devel-windows-x86_64-gcc10-UCRT 0.1.12 ERROR
r-patched-linux-x86_64 0.1.12 67.60 124.78 192.38 OK
r-patched-solaris-x86 0.1.12 270.30 OK
r-release-linux-x86_64 0.1.12 57.90 123.75 181.65 OK
r-release-macos-arm64 0.1.12 OK
r-release-macos-x86_64 0.1.12 OK
r-release-windows-ix86+x86_64 0.1.12 102.00 115.00 217.00 OK
r-oldrel-macos-x86_64 0.1.12 OK
r-oldrel-windows-ix86+x86_64 0.1.12 104.00 105.00 209.00 OK

Check Details

Version: 0.1.12
Check: whether package can be installed
Result: WARN
    Found the following significant warnings:
     WARNING: installation-time patches will not be applied, could not get the patches index
Flavor: r-devel-windows-x86_64-gcc10-UCRT

Version: 0.1.12
Check: PDF version of manual
Result: WARN
    LaTeX errors when creating PDF version.
    This typically indicates Rd problems.
Flavor: r-devel-windows-x86_64-gcc10-UCRT

Version: 0.1.12
Check: PDF version of manual without hyperrefs or index
Result: ERROR
    Re-running with no redirection of stdout/stderr.
Flavor: r-devel-windows-x86_64-gcc10-UCRT