CRAN Package Check Results for Package pbdBASE

Last updated on 2021-09-20 07:50:50 CEST.

Flavor Version Tinstall Tcheck Ttotal Status Flags
r-devel-linux-x86_64-debian-clang 0.5-3 17.19 63.91 81.10 WARN
r-devel-linux-x86_64-debian-gcc 0.5-3 13.03 49.83 62.86 WARN
r-devel-linux-x86_64-fedora-clang 0.5-3 111.76 NOTE
r-devel-linux-x86_64-fedora-gcc 0.5-3 101.22 NOTE
r-devel-windows-x86_64 0.5-3 68.00 63.00 131.00 NOTE
r-devel-windows-x86_64-gcc10-UCRT 0.5-3 ERROR
r-patched-linux-x86_64 0.5-3 16.98 61.94 78.92 WARN
r-patched-solaris-x86 0.5-3 175.50 NOTE
r-release-linux-x86_64 0.5-3 15.80 62.09 77.89 WARN
r-release-macos-arm64 0.5-3 ERROR
r-release-macos-x86_64 0.5-3 ERROR
r-release-windows-ix86+x86_64 0.5-3 170.00 76.00 246.00 NOTE
r-oldrel-macos-x86_64 0.5-3 ERROR
r-oldrel-windows-ix86+x86_64 0.5-3 162.00 96.00 258.00 OK

Check Details

Version: 0.5-3
Check: top-level files
Result: WARN
     Output from running autoreconf:
     configure.ac:6: warning: The macro `AC_PROG_CC_C99' is obsolete.
     configure.ac:6: You should run autoupdate.
     ./lib/autoconf/c.m4:1659: AC_PROG_CC_C99 is expanded from...
     configure.ac:6: the top level
     configure.ac:21: warning: The macro `AC_HELP_STRING' is obsolete.
     configure.ac:21: You should run autoupdate.
     ./lib/autoconf/general.m4:204: AC_HELP_STRING is expanded from...
     configure.ac:21: the top level
     configure.ac:73: warning: AC_OUTPUT should be used without arguments.
     configure.ac:73: You should run autoupdate.
Flavors: r-devel-linux-x86_64-debian-clang, r-devel-linux-x86_64-debian-gcc, r-patched-linux-x86_64, r-release-linux-x86_64

Version: 0.5-3
Check: LazyData
Result: NOTE
     'LazyData' is specified without a 'data' directory
Flavors: r-devel-linux-x86_64-debian-clang, r-devel-linux-x86_64-debian-gcc, r-devel-linux-x86_64-fedora-clang, r-devel-linux-x86_64-fedora-gcc, r-devel-windows-x86_64, r-patched-linux-x86_64, r-patched-solaris-x86, r-release-linux-x86_64, r-release-windows-ix86+x86_64

Version: 0.5-3
Check: whether package can be installed
Result: ERROR
    Installation failed.
Flavor: r-devel-windows-x86_64-gcc10-UCRT

Version: 0.5-3
Check: package dependencies
Result: ERROR
    Packages required but not available: 'pbdMPI', 'pbdSLAP'
    
    See section ‘The DESCRIPTION file’ in the ‘Writing R Extensions’
    manual.
Flavors: r-release-macos-arm64, r-release-macos-x86_64, r-oldrel-macos-x86_64