CRAN Package Check Results for Package pcse

Last updated on 2021-09-21 06:48:40 CEST.

Flavor Version Tinstall Tcheck Ttotal Status Flags
r-devel-linux-x86_64-debian-clang 1.9.1.1 2.40 36.54 38.94 OK
r-devel-linux-x86_64-debian-gcc 1.9.1.1 1.68 28.94 30.62 OK
r-devel-linux-x86_64-fedora-clang 1.9.1.1 55.47 OK
r-devel-linux-x86_64-fedora-gcc 1.9.1.1 44.93 OK
r-devel-windows-x86_64 1.9.1.1 5.00 39.00 44.00 OK
r-devel-windows-x86_64-gcc10-UCRT 1.9.1.1 ERROR
r-patched-linux-x86_64 1.9.1.1 2.28 35.82 38.10 OK
r-patched-solaris-x86 1.9.1.1 67.70 OK
r-release-linux-x86_64 1.9.1.1 2.31 35.76 38.07 OK
r-release-macos-arm64 1.9.1.1 OK
r-release-macos-x86_64 1.9.1.1 OK
r-release-windows-ix86+x86_64 1.9.1.1 5.00 40.00 45.00 OK
r-oldrel-macos-x86_64 1.9.1.1 OK
r-oldrel-windows-ix86+x86_64 1.9.1.1 4.00 41.00 45.00 OK

Check Details

Version: 1.9.1.1
Check: whether package can be installed
Result: WARN
    Found the following significant warnings:
     WARNING: installation-time patches will not be applied, could not get the patches index
Flavor: r-devel-windows-x86_64-gcc10-UCRT

Version: 1.9.1.1
Check: PDF version of manual
Result: WARN
    LaTeX errors when creating PDF version.
    This typically indicates Rd problems.
Flavor: r-devel-windows-x86_64-gcc10-UCRT

Version: 1.9.1.1
Check: PDF version of manual without hyperrefs or index
Result: ERROR
    Re-running with no redirection of stdout/stderr.
Flavor: r-devel-windows-x86_64-gcc10-UCRT