CRAN Package Check Results for Package pdftools

Last updated on 2021-10-22 12:59:23 CEST.

Flavor Version Tinstall Tcheck Ttotal Status Flags
r-devel-linux-x86_64-debian-clang 3.0.1 19.22 32.52 51.74 OK
r-devel-linux-x86_64-debian-gcc 3.0.1 18.27 25.69 43.96 OK
r-devel-linux-x86_64-fedora-clang 3.0.1 92.24 OK
r-devel-linux-x86_64-fedora-gcc 3.0.1 74.22 OK
r-devel-windows-x86_64 3.0.1 42.00 88.00 130.00 NOTE
r-devel-windows-x86_64-gcc10-UCRT 3.0.1 OK
r-patched-linux-x86_64 3.0.1 22.20 31.84 54.04 OK
r-patched-solaris-x86 3.0.1 99.40 NOTE
r-release-linux-x86_64 3.0.1 20.82 31.61 52.43 OK
r-release-macos-arm64 3.0.1 NOTE
r-release-macos-x86_64 3.0.1 NOTE
r-release-windows-ix86+x86_64 3.0.1 51.00 109.00 160.00 NOTE
r-oldrel-macos-x86_64 3.0.1 NOTE
r-oldrel-windows-ix86+x86_64 3.0.1 70.00 119.00 189.00 NOTE

Check Details

Version: 3.0.1
Check: installed package size
Result: NOTE
     installed size is 19.4Mb
     sub-directories of 1Mb or more:
     libs 6.5Mb
     share 12.8Mb
Flavors: r-devel-windows-x86_64, r-release-macos-arm64, r-release-macos-x86_64, r-release-windows-ix86+x86_64, r-oldrel-macos-x86_64, r-oldrel-windows-ix86+x86_64

Version: 3.0.1
Check: package dependencies
Result: NOTE
    Package suggested but not available for checking: ‘tesseract’
Flavor: r-patched-solaris-x86