CRAN Package Check Results for Package pec

Last updated on 2021-09-22 06:48:40 CEST.

Flavor Version Tinstall Tcheck Ttotal Status Flags
r-devel-linux-x86_64-debian-clang 2020.11.17 14.93 120.64 135.57 OK
r-devel-linux-x86_64-debian-gcc 2020.11.17 13.84 94.98 108.82 OK
r-devel-linux-x86_64-fedora-clang 2020.11.17 169.25 OK
r-devel-linux-x86_64-fedora-gcc 2020.11.17 156.98 OK
r-devel-windows-x86_64 2020.11.17 22.00 111.00 133.00 OK
r-devel-windows-x86_64-gcc10-UCRT 2020.11.17 ERROR
r-patched-linux-x86_64 2020.11.17 22.00 115.64 137.64 OK
r-patched-solaris-x86 2020.11.17 205.10 OK
r-release-linux-x86_64 2020.11.17 14.75 114.22 128.97 OK
r-release-macos-arm64 2020.11.17 OK
r-release-macos-x86_64 2020.11.17 OK
r-release-windows-ix86+x86_64 2020.11.17 38.00 146.00 184.00 OK
r-oldrel-macos-x86_64 2020.11.17 OK
r-oldrel-windows-ix86+x86_64 2020.11.17 42.00 140.00 182.00 OK

Check Details

Version: 2020.11.17
Check: package dependencies
Result: ERROR
    Packages required but not available: 'rms', 'riskRegression'
    
    Packages suggested but not available for checking:
     'randomForestSRC', 'Hmisc'
    
    See section 'The DESCRIPTION file' in the 'Writing R Extensions'
    manual.
Flavor: r-devel-windows-x86_64-gcc10-UCRT