CRAN Package Check Results for Package penMSM

Last updated on 2021-09-19 06:49:16 CEST.

Flavor Version Tinstall Tcheck Ttotal Status Flags
r-devel-linux-x86_64-debian-clang 0.99 18.62 28.64 47.26 OK
r-devel-linux-x86_64-debian-gcc 0.99 10.49 22.35 32.84 OK
r-devel-linux-x86_64-fedora-clang 0.99 71.37 NOTE
r-devel-linux-x86_64-fedora-gcc 0.99 55.62 NOTE
r-devel-windows-x86_64 0.99 19.00 55.00 74.00 OK
r-devel-windows-x86_64-gcc10-UCRT 0.99 ERROR
r-patched-linux-x86_64 0.99 13.48 27.82 41.30 OK
r-patched-solaris-x86 0.99 69.90 OK
r-release-linux-x86_64 0.99 14.00 27.49 41.49 OK
r-release-macos-arm64 0.99 OK
r-release-macos-x86_64 0.99 OK
r-release-windows-ix86+x86_64 0.99 45.00 53.00 98.00 OK
r-oldrel-macos-x86_64 0.99 OK
r-oldrel-windows-ix86+x86_64 0.99 42.00 54.00 96.00 OK

Check Details

Version: 0.99
Check: compiled code
Result: NOTE
    File ‘penMSM/libs/penMSM.so’:
     Found no calls to: ‘R_registerRoutines’, ‘R_useDynamicSymbols’
    
    It is good practice to register native routines and to disable symbol
    search.
    
    See ‘Writing portable packages’ in the ‘Writing R Extensions’ manual.
Flavors: r-devel-linux-x86_64-fedora-clang, r-devel-linux-x86_64-fedora-gcc

Version: 0.99
Check: whether package can be installed
Result: ERROR
    Installation failed.
Flavor: r-devel-windows-x86_64-gcc10-UCRT