CRAN Package Check Results for Package physiology

Last updated on 2023-01-28 02:57:26 CET.

Flavor Version Tinstall Tcheck Ttotal Status Flags
r-devel-linux-x86_64-debian-clang 1.2.1 18.11 54.58 72.69 OK
r-devel-linux-x86_64-debian-gcc 1.2.1 14.92 40.94 55.86 OK
r-devel-linux-x86_64-fedora-clang 1.2.1 105.59 WARN
r-devel-linux-x86_64-fedora-gcc 1.2.1 111.95 OK
r-patched-linux-x86_64 1.2.1 18.62 51.51 70.13 OK
r-release-linux-x86_64 1.2.1 15.71 49.32 65.03 OK
r-release-macos-arm64 1.2.1 29.00 OK
r-release-macos-x86_64 1.2.1 43.00 OK
r-release-windows-x86_64 1.2.1 56.00 116.00 172.00 OK
r-oldrel-macos-arm64 1.2.1 40.00 OK
r-oldrel-macos-x86_64 1.2.1 59.00 OK
r-oldrel-windows-ix86+x86_64 1.2.1 48.00 113.00 161.00 OK

Check Details

Version: 1.2.1
Check: whether package can be installed
Result: WARN
    Found the following significant warnings:
     /data/gannet/ripley/R/test-clang/Rcpp/include/Rcpp/sugar/functions/sapply.h:36:26: warning: 'result_of<float (*(double))(float)>' is deprecated [-Wdeprecated-declarations]
    See ‘/data/gannet/ripley/R/packages/tests-clang/physiology.Rcheck/00install.out’ for details.
    * used C compiler: ‘clang version 15.0.7’
    * used C++ compiler: ‘clang version 15.0.7’
Flavor: r-devel-linux-x86_64-fedora-clang