CRAN Package Check Results for Package picasso

Last updated on 2021-09-20 07:50:51 CEST.

Flavor Version Tinstall Tcheck Ttotal Status Flags
r-devel-linux-x86_64-debian-clang 1.3.1 21.77 75.59 97.36 OK
r-devel-linux-x86_64-debian-gcc 1.3.1 15.03 59.59 74.62 OK
r-devel-linux-x86_64-fedora-clang 1.3.1 124.40 NOTE
r-devel-linux-x86_64-fedora-gcc 1.3.1 112.65 OK
r-devel-windows-x86_64 1.3.1 16.00 76.00 92.00 OK
r-devel-windows-x86_64-gcc10-UCRT 1.3.1 ERROR
r-patched-linux-x86_64 1.3.1 19.85 74.49 94.34 OK
r-patched-solaris-x86 1.3.1 174.10 OK
r-release-linux-x86_64 1.3.1 17.84 74.13 91.97 OK
r-release-macos-arm64 1.3.1 NOTE
r-release-macos-x86_64 1.3.1 NOTE
r-release-windows-ix86+x86_64 1.3.1 39.00 92.00 131.00 OK
r-oldrel-macos-x86_64 1.3.1 NOTE
r-oldrel-windows-ix86+x86_64 1.3.1 39.00 97.00 136.00 OK

Check Details

Version: 1.3.1
Check: installed package size
Result: NOTE
     installed size is 5.4Mb
     sub-directories of 1Mb or more:
     libs 4.3Mb
Flavors: r-devel-linux-x86_64-fedora-clang, r-release-macos-arm64, r-release-macos-x86_64, r-oldrel-macos-x86_64

Version: 1.3.1
Check: whether package can be installed
Result: ERROR
    Installation failed.
Flavor: r-devel-windows-x86_64-gcc10-UCRT