CRAN Package Check Results for Package piecepackr

Last updated on 2021-09-21 06:48:41 CEST.

Flavor Version Tinstall Tcheck Ttotal Status Flags
r-devel-linux-x86_64-debian-clang 1.8.1 18.45 151.37 169.82 OK
r-devel-linux-x86_64-debian-gcc 1.8.1 17.14 109.41 126.55 OK
r-devel-linux-x86_64-fedora-clang 1.8.1 207.47 OK
r-devel-linux-x86_64-fedora-gcc 1.8.1 194.37 OK
r-devel-windows-x86_64 1.8.1 24.00 132.00 156.00 OK
r-devel-windows-x86_64-gcc10-UCRT 1.8.1 ERROR
r-patched-linux-x86_64 1.8.1 19.14 140.74 159.88 OK
r-patched-solaris-x86 1.8.1 254.40 OK
r-release-linux-x86_64 1.8.1 18.78 140.62 159.40 OK
r-release-macos-arm64 1.8.1 OK
r-release-macos-x86_64 1.8.1 OK
r-release-windows-ix86+x86_64 1.8.1 39.00 132.00 171.00 OK
r-oldrel-macos-x86_64 1.8.1 OK
r-oldrel-windows-ix86+x86_64 1.8.1 40.00 144.00 184.00 OK

Check Details

Version: 1.8.1
Check: package dependencies
Result: ERROR
    Package required but not available: 'grImport2'
    
    See section 'The DESCRIPTION file' in the 'Writing R Extensions'
    manual.
Flavor: r-devel-windows-x86_64-gcc10-UCRT