CRAN Package Check Results for Package pixmap

Last updated on 2021-09-22 06:48:41 CEST.

Flavor Version Tinstall Tcheck Ttotal Status Flags
r-devel-linux-x86_64-debian-clang 0.4-12 3.65 30.11 33.76 OK
r-devel-linux-x86_64-debian-gcc 0.4-12 2.53 23.78 26.31 OK
r-devel-linux-x86_64-fedora-clang 0.4-12 50.76 OK
r-devel-linux-x86_64-fedora-gcc 0.4-12 39.80 OK
r-devel-windows-x86_64 0.4-12 7.00 40.00 47.00 OK
r-devel-windows-x86_64-gcc10-UCRT 0.4-12 ERROR
r-patched-linux-x86_64 0.4-12 3.06 29.40 32.46 OK
r-patched-solaris-x86 0.4-12 59.40 OK
r-release-linux-x86_64 0.4-12 2.99 29.38 32.37 OK
r-release-macos-arm64 0.4-12 OK
r-release-macos-x86_64 0.4-12 OK
r-release-windows-ix86+x86_64 0.4-12 11.00 36.00 47.00 OK
r-oldrel-macos-x86_64 0.4-12 OK
r-oldrel-windows-ix86+x86_64 0.4-12 11.00 47.00 58.00 OK

Check Details

Version: 0.4-12
Check: PDF version of manual
Result: WARN
    LaTeX errors when creating PDF version.
    This typically indicates Rd problems.
Flavor: r-devel-windows-x86_64-gcc10-UCRT

Version: 0.4-12
Check: PDF version of manual without hyperrefs or index
Result: ERROR
    Re-running with no redirection of stdout/stderr.
Flavor: r-devel-windows-x86_64-gcc10-UCRT