CRAN Package Check Results for Package pks

Last updated on 2021-09-20 07:50:52 CEST.

Flavor Version Tinstall Tcheck Ttotal Status Flags
r-devel-linux-x86_64-debian-clang 0.4-1 3.05 49.28 52.33 OK
r-devel-linux-x86_64-debian-gcc 0.4-1 2.44 36.26 38.70 OK
r-devel-linux-x86_64-fedora-clang 0.4-1 70.62 OK
r-devel-linux-x86_64-fedora-gcc 0.4-1 59.62 OK
r-devel-windows-x86_64 0.4-1 4.00 53.00 57.00 OK
r-devel-windows-x86_64-gcc10-UCRT 0.4-1 ERROR
r-patched-linux-x86_64 0.4-1 3.17 47.12 50.29 OK
r-patched-solaris-x86 0.4-1 82.70 OK
r-release-linux-x86_64 0.4-1 2.91 47.40 50.31 OK
r-release-macos-arm64 0.4-1 OK
r-release-macos-x86_64 0.4-1 OK
r-release-windows-ix86+x86_64 0.4-1 7.00 50.00 57.00 OK
r-oldrel-macos-x86_64 0.4-1 OK
r-oldrel-windows-ix86+x86_64 0.4-1 6.00 48.00 54.00 OK

Check Details

Version: 0.4-1
Check: whether package can be installed
Result: WARN
    Found the following significant warnings:
     WARNING: installation-time patches will not be applied, could not get the patches index
Flavor: r-devel-windows-x86_64-gcc10-UCRT

Version: 0.4-1
Check: PDF version of manual
Result: WARN
    LaTeX errors when creating PDF version.
    This typically indicates Rd problems.
Flavor: r-devel-windows-x86_64-gcc10-UCRT

Version: 0.4-1
Check: PDF version of manual without hyperrefs or index
Result: ERROR
    Re-running with no redirection of stdout/stderr.
Flavor: r-devel-windows-x86_64-gcc10-UCRT