CRAN Package Check Results for Package plotmo

Last updated on 2021-09-21 06:48:41 CEST.

Flavor Version Tinstall Tcheck Ttotal Status Flags
r-devel-linux-x86_64-debian-clang 3.6.1 12.58 84.71 97.29 OK
r-devel-linux-x86_64-debian-gcc 3.6.1 10.42 62.88 73.30 OK
r-devel-linux-x86_64-fedora-clang 3.6.1 124.08 OK
r-devel-linux-x86_64-fedora-gcc 3.6.1 113.95 OK
r-devel-windows-x86_64 3.6.1 16.00 71.00 87.00 OK
r-devel-windows-x86_64-gcc10-UCRT 3.6.1 ERROR
r-patched-linux-x86_64 3.6.1 13.63 81.34 94.97 OK
r-patched-solaris-x86 3.6.1 135.70 OK
r-release-linux-x86_64 3.6.1 11.46 81.47 92.93 OK
r-release-macos-arm64 3.6.1 OK
r-release-macos-x86_64 3.6.1 OK
r-release-windows-ix86+x86_64 3.6.1 22.00 70.00 92.00 OK
r-oldrel-macos-x86_64 3.6.1 OK
r-oldrel-windows-ix86+x86_64 3.6.1 20.00 67.00 87.00 OK

Check Details

Version: 3.6.1
Check: whether package can be installed
Result: WARN
    Found the following significant warnings:
     WARNING: installation-time patches will not be applied, could not get the patches index
Flavor: r-devel-windows-x86_64-gcc10-UCRT

Version: 3.6.1
Check: PDF version of manual
Result: WARN
    LaTeX errors when creating PDF version.
    This typically indicates Rd problems.
Flavor: r-devel-windows-x86_64-gcc10-UCRT

Version: 3.6.1
Check: PDF version of manual without hyperrefs or index
Result: ERROR
    Re-running with no redirection of stdout/stderr.
Flavor: r-devel-windows-x86_64-gcc10-UCRT