CRAN Package Check Results for Package plsRbeta

Last updated on 2021-09-21 06:48:41 CEST.

Flavor Version Tinstall Tcheck Ttotal Status Flags
r-devel-linux-x86_64-debian-clang 0.2.6 25.83 189.54 215.37 OK
r-devel-linux-x86_64-debian-gcc 0.2.6 22.50 136.51 159.01 OK
r-devel-linux-x86_64-fedora-clang 0.2.6 263.29 OK
r-devel-linux-x86_64-fedora-gcc 0.2.6 248.12 OK
r-devel-windows-x86_64 0.2.6 34.00 162.00 196.00 OK
r-devel-windows-x86_64-gcc10-UCRT 0.2.6 ERROR
r-patched-linux-x86_64 0.2.6 30.54 176.70 207.24 OK
r-patched-solaris-x86 0.2.6 348.20 OK
r-release-linux-x86_64 0.2.6 23.70 175.50 199.20 OK
r-release-macos-arm64 0.2.6 OK
r-release-macos-x86_64 0.2.6 OK
r-release-windows-ix86+x86_64 0.2.6 57.00 161.00 218.00 OK
r-oldrel-macos-x86_64 0.2.6 OK
r-oldrel-windows-ix86+x86_64 0.2.6 56.00 152.00 208.00 OK

Check Details

Version: 0.2.6
Check: whether package can be installed
Result: WARN
    Found the following significant warnings:
     WARNING: installation-time patches will not be applied, could not get the patches index
Flavor: r-devel-windows-x86_64-gcc10-UCRT

Version: 0.2.6
Check: PDF version of manual
Result: WARN
    LaTeX errors when creating PDF version.
    This typically indicates Rd problems.
Flavor: r-devel-windows-x86_64-gcc10-UCRT

Version: 0.2.6
Check: PDF version of manual without hyperrefs or index
Result: ERROR
    Re-running with no redirection of stdout/stderr.
Flavor: r-devel-windows-x86_64-gcc10-UCRT