CRAN Package Check Results for Package polmineR

Last updated on 2021-10-22 12:59:24 CEST.

Flavor Version Tinstall Tcheck Ttotal Status Flags
r-devel-linux-x86_64-debian-clang 0.8.5 23.79 262.75 286.54 NOTE
r-devel-linux-x86_64-debian-gcc 0.8.5 19.78 174.49 194.27 NOTE
r-devel-linux-x86_64-fedora-clang 0.8.5 317.85 NOTE
r-devel-linux-x86_64-fedora-gcc 0.8.5 286.81 NOTE
r-devel-windows-x86_64 0.8.5 37.00 309.00 346.00 NOTE
r-devel-windows-x86_64-gcc10-UCRT 0.8.5 WARN
r-patched-linux-x86_64 0.8.5 22.43 221.64 244.07 NOTE
r-patched-solaris-x86 0.8.5 373.10 NOTE
r-release-linux-x86_64 0.8.5 19.62 224.43 244.05 NOTE
r-release-macos-arm64 0.8.5 NOTE
r-release-macos-x86_64 0.8.5 NOTE
r-release-windows-ix86+x86_64 0.8.5 29.00 335.00 364.00 NOTE
r-oldrel-macos-x86_64 0.8.5 OK
r-oldrel-windows-ix86+x86_64 0.8.5 43.00 354.00 397.00 OK

Check Details

Version: 0.8.5
Check: LazyData
Result: NOTE
     'LazyData' is specified without a 'data' directory
Flavors: r-devel-linux-x86_64-debian-clang, r-devel-linux-x86_64-debian-gcc, r-devel-linux-x86_64-fedora-clang, r-devel-linux-x86_64-fedora-gcc, r-devel-windows-x86_64, r-devel-windows-x86_64-gcc10-UCRT, r-patched-linux-x86_64, r-patched-solaris-x86, r-release-linux-x86_64, r-release-macos-arm64, r-release-macos-x86_64, r-release-windows-ix86+x86_64

Version: 0.8.5
Check: package dependencies
Result: NOTE
    Package suggested but not available for checking: 'igraph'
Flavor: r-devel-windows-x86_64-gcc10-UCRT

Version: 0.8.5
Check: re-building of vignette outputs
Result: WARN
    Error(s) in re-building vignettes:
    --- re-building 'OpenCPU.Rmd' using rmarkdown
    --- finished re-building 'OpenCPU.Rmd'
    
    --- re-building 'vignette.Rmd' using rmarkdown
    ... activating corpus: GERMAPARLMINI (version: 0.0.1 | build date: 2019-02-23)
    ... activating corpus: REUTERS
    Quitting from lines 123-124 (vignette.Rmd)
    Error: processing vignette 'vignette.Rmd' failed with diagnostics:
    invalid UTF-8 byte sequence detected; try calling stri_enc_toutf8()
    --- failed re-building 'vignette.Rmd'
    
    SUMMARY: processing the following file failed:
     'vignette.Rmd'
    
    Error: Vignette re-building failed.
    Execution halted
Flavor: r-devel-windows-x86_64-gcc10-UCRT

Version: 0.8.5
Check: installed package size
Result: NOTE
     installed size is 5.2Mb
     sub-directories of 1Mb or more:
     R 2.1Mb
     extdata 1.9Mb
Flavor: r-release-macos-arm64