CRAN Package Check Results for Package polyRAD

Last updated on 2021-09-23 08:51:14 CEST.

Flavor Version Tinstall Tcheck Ttotal Status Flags
r-devel-linux-x86_64-debian-clang 1.5 93.38 162.96 256.34 OK
r-devel-linux-x86_64-debian-gcc 1.5 60.87 120.14 181.01 OK
r-devel-linux-x86_64-fedora-clang 1.5 345.51 NOTE
r-devel-linux-x86_64-fedora-gcc 1.5 310.25 OK
r-devel-windows-x86_64 1.5 94.00 167.00 261.00 NOTE
r-devel-windows-x86_64-gcc10-UCRT 1.5 ERROR
r-patched-linux-x86_64 1.5 73.72 158.18 231.90 OK
r-patched-solaris-x86 1.5 249.80 NOTE
r-release-linux-x86_64 1.5 73.22 160.53 233.75 OK
r-release-macos-arm64 1.5 NOTE
r-release-macos-x86_64 1.5 NOTE
r-release-windows-ix86+x86_64 1.5 202.00 194.00 396.00 NOTE
r-oldrel-macos-x86_64 1.5 NOTE
r-oldrel-windows-ix86+x86_64 1.5 194.00 188.00 382.00 NOTE

Check Details

Version: 1.5
Check: installed package size
Result: NOTE
     installed size is 8.8Mb
     sub-directories of 1Mb or more:
     extdata 4.0Mb
     libs 3.3Mb
Flavors: r-devel-linux-x86_64-fedora-clang, r-devel-windows-x86_64, r-patched-solaris-x86, r-release-macos-arm64, r-release-macos-x86_64, r-release-windows-ix86+x86_64, r-oldrel-macos-x86_64, r-oldrel-windows-ix86+x86_64

Version: 1.5
Check: Rd cross-references
Result: NOTE
    Undeclared packages ‘polymapR’, ‘BSgenome’ in Rd xrefs
Flavor: r-devel-linux-x86_64-fedora-clang

Version: 1.5
Check: package dependencies
Result: NOTE
    Packages suggested but not available for checking:
     'VariantAnnotation', 'GenomicFeatures', 'adegenet'
Flavor: r-devel-windows-x86_64-gcc10-UCRT

Version: 1.5
Check: whether package can be installed
Result: ERROR
    Installation failed.
Flavor: r-devel-windows-x86_64-gcc10-UCRT