CRAN Package Check Results for Package polyqtlR

Last updated on 2021-09-16 06:48:52 CEST.

Flavor Version Tinstall Tcheck Ttotal Status Flags
r-devel-linux-x86_64-debian-clang 0.0.6 39.75 120.11 159.86 OK
r-devel-linux-x86_64-debian-gcc 0.0.6 28.15 86.96 115.11 OK
r-devel-linux-x86_64-fedora-clang 0.0.6 205.05 NOTE
r-devel-linux-x86_64-fedora-gcc 0.0.6 186.48 OK
r-devel-windows-x86_64 0.0.6 37.00 163.00 200.00 NOTE
r-devel-windows-x86_64-gcc10-UCRT 0.0.6 OK
r-patched-linux-x86_64 0.0.6 35.19 112.55 147.74 OK
r-patched-solaris-x86 0.0.6 205.90 NOTE
r-release-linux-x86_64 0.0.6 35.31 113.42 148.73 OK
r-release-macos-arm64 0.0.6 NOTE
r-release-macos-x86_64 0.0.6 NOTE
r-release-windows-ix86+x86_64 0.0.6 91.00 162.00 253.00 NOTE
r-oldrel-macos-x86_64 0.0.6 NOTE
r-oldrel-windows-ix86+x86_64 0.0.6 64.00 202.00 266.00 NOTE

Check Details

Version: 0.0.6
Check: installed package size
Result: NOTE
     installed size is 5.8Mb
     sub-directories of 1Mb or more:
     data 2.6Mb
     doc 1.7Mb
Flavors: r-devel-linux-x86_64-fedora-clang, r-devel-windows-x86_64, r-patched-solaris-x86, r-release-macos-arm64, r-release-macos-x86_64, r-release-windows-ix86+x86_64, r-oldrel-macos-x86_64, r-oldrel-windows-ix86+x86_64