CRAN Package Check Results for Package popEpi

Last updated on 2021-09-20 07:50:52 CEST.

Flavor Version Tinstall Tcheck Ttotal Status Flags
r-devel-linux-x86_64-debian-clang 0.4.8 20.21 278.61 298.82 OK
r-devel-linux-x86_64-debian-gcc 0.4.8 16.51 208.00 224.51 OK
r-devel-linux-x86_64-fedora-clang 0.4.8 362.68 OK
r-devel-linux-x86_64-fedora-gcc 0.4.8 354.59 OK
r-devel-windows-x86_64 0.4.8 22.00 258.00 280.00 OK
r-devel-windows-x86_64-gcc10-UCRT 0.4.8 ERROR
r-patched-linux-x86_64 0.4.8 25.70 386.24 411.94 OK
r-patched-solaris-x86 0.4.8 539.70 OK
r-release-linux-x86_64 0.4.8 19.86 380.14 400.00 OK
r-release-macos-arm64 0.4.8 OK
r-release-macos-x86_64 0.4.8 OK
r-release-windows-ix86+x86_64 0.4.8 40.00 251.00 291.00 OK
r-oldrel-macos-x86_64 0.4.8 OK
r-oldrel-windows-ix86+x86_64 0.4.8 40.00 272.00 312.00 OK

Check Details

Version: 0.4.8
Check: whether package can be installed
Result: WARN
    Found the following significant warnings:
     WARNING: installation-time patches will not be applied, could not get the patches index
Flavor: r-devel-windows-x86_64-gcc10-UCRT

Version: 0.4.8
Check: PDF version of manual
Result: WARN
    LaTeX errors when creating PDF version.
    This typically indicates Rd problems.
Flavor: r-devel-windows-x86_64-gcc10-UCRT

Version: 0.4.8
Check: PDF version of manual without hyperrefs or index
Result: ERROR
    Re-running with no redirection of stdout/stderr.
Flavor: r-devel-windows-x86_64-gcc10-UCRT