CRAN Package Check Results for Package postGIStools

Last updated on 2021-09-25 06:49:29 CEST.

Flavor Version Tinstall Tcheck Ttotal Status Flags
r-devel-linux-x86_64-debian-clang 0.2.4 3.48 33.87 37.35 NOTE
r-devel-linux-x86_64-debian-gcc 0.2.4 2.61 26.60 29.21 NOTE
r-devel-linux-x86_64-fedora-clang 0.2.4 55.82 NOTE
r-devel-linux-x86_64-fedora-gcc 0.2.4 44.89 NOTE
r-devel-windows-x86_64 0.2.4 4.00 38.00 42.00 NOTE
r-devel-windows-x86_64-gcc10-UCRT 0.2.4 NOTE
r-patched-linux-x86_64 0.2.4 3.43 32.94 36.37 NOTE
r-patched-solaris-x86 0.2.4 68.50 NOTE
r-release-linux-x86_64 0.2.4 2.90 32.27 35.17 NOTE
r-release-macos-arm64 0.2.4 NOTE
r-release-macos-x86_64 0.2.4 NOTE
r-release-windows-ix86+x86_64 0.2.4 8.00 37.00 45.00 NOTE
r-oldrel-macos-x86_64 0.2.4 OK
r-oldrel-windows-ix86+x86_64 0.2.4 7.00 37.00 44.00 OK

Check Details

Version: 0.2.4
Check: LazyData
Result: NOTE
     'LazyData' is specified without a 'data' directory
Flavors: r-devel-linux-x86_64-debian-clang, r-devel-linux-x86_64-debian-gcc, r-devel-linux-x86_64-fedora-clang, r-devel-linux-x86_64-fedora-gcc, r-devel-windows-x86_64, r-devel-windows-x86_64-gcc10-UCRT, r-patched-linux-x86_64, r-patched-solaris-x86, r-release-linux-x86_64, r-release-macos-arm64, r-release-macos-x86_64, r-release-windows-ix86+x86_64