CRAN Package Check Results for Package powerSurvEpi

Last updated on 2021-09-21 06:48:42 CEST.

Flavor Version Tinstall Tcheck Ttotal Status Flags
r-devel-linux-x86_64-debian-clang 0.1.3 8.61 69.66 78.27 OK
r-devel-linux-x86_64-debian-gcc 0.1.3 6.43 54.31 60.74 OK
r-devel-linux-x86_64-fedora-clang 0.1.3 100.96 OK
r-devel-linux-x86_64-fedora-gcc 0.1.3 91.08 OK
r-devel-windows-x86_64 0.1.3 9.00 70.00 79.00 OK
r-devel-windows-x86_64-gcc10-UCRT 0.1.3 ERROR
r-patched-linux-x86_64 0.1.3 7.90 67.38 75.28 OK
r-patched-solaris-x86 0.1.3 132.40 OK
r-release-linux-x86_64 0.1.3 8.09 67.08 75.17 OK
r-release-macos-arm64 0.1.3 OK
r-release-macos-x86_64 0.1.3 OK
r-release-windows-ix86+x86_64 0.1.3 18.00 71.00 89.00 OK
r-oldrel-macos-x86_64 0.1.3 OK
r-oldrel-windows-ix86+x86_64 0.1.3 18.00 72.00 90.00 OK

Check Details

Version: 0.1.3
Check: whether package can be installed
Result: WARN
    Found the following significant warnings:
     WARNING: installation-time patches will not be applied, could not get the patches index
Flavor: r-devel-windows-x86_64-gcc10-UCRT

Version: 0.1.3
Check: PDF version of manual
Result: WARN
    LaTeX errors when creating PDF version.
    This typically indicates Rd problems.
Flavor: r-devel-windows-x86_64-gcc10-UCRT

Version: 0.1.3
Check: PDF version of manual without hyperrefs or index
Result: ERROR
    Re-running with no redirection of stdout/stderr.
Flavor: r-devel-windows-x86_64-gcc10-UCRT