CRAN Package Check Results for Package proceduralnames

Last updated on 2021-09-22 06:48:42 CEST.

Flavor Version Tinstall Tcheck Ttotal Status Flags
r-devel-linux-x86_64-debian-clang 0.1.2 1.97 22.69 24.66 OK
r-devel-linux-x86_64-debian-gcc 0.1.2 1.39 18.01 19.40 OK
r-devel-linux-x86_64-fedora-clang 0.1.2 38.62 OK
r-devel-linux-x86_64-fedora-gcc 0.1.2 28.00 OK
r-devel-windows-x86_64 0.1.2 4.00 31.00 35.00 OK
r-devel-windows-x86_64-gcc10-UCRT 0.1.2 ERROR
r-patched-linux-x86_64 0.1.2 1.84 21.66 23.50 OK
r-patched-solaris-x86 0.1.2 44.20 OK
r-release-linux-x86_64 0.1.2 1.79 21.96 23.75 OK
r-release-macos-arm64 0.1.2 OK
r-release-macos-x86_64 0.1.2 OK
r-release-windows-ix86+x86_64 0.1.2 6.00 30.00 36.00 OK
r-oldrel-macos-x86_64 0.1.2 OK
r-oldrel-windows-ix86+x86_64 0.1.2 5.00 29.00 34.00 OK

Check Details

Version: 0.1.2
Check: PDF version of manual
Result: WARN
    LaTeX errors when creating PDF version.
    This typically indicates Rd problems.
Flavor: r-devel-windows-x86_64-gcc10-UCRT

Version: 0.1.2
Check: PDF version of manual without hyperrefs or index
Result: ERROR
    Re-running with no redirection of stdout/stderr.
Flavor: r-devel-windows-x86_64-gcc10-UCRT