CRAN Package Check Results for Package pseudo

Last updated on 2021-09-19 06:49:18 CEST.

Flavor Version Tinstall Tcheck Ttotal Status Flags
r-devel-linux-x86_64-debian-clang 1.4.3 4.67 47.77 52.44 OK
r-devel-linux-x86_64-debian-gcc 1.4.3 3.41 35.48 38.89 OK
r-devel-linux-x86_64-fedora-clang 1.4.3 69.75 OK
r-devel-linux-x86_64-fedora-gcc 1.4.3 58.98 OK
r-devel-windows-x86_64 1.4.3 6.00 67.00 73.00 OK
r-devel-windows-x86_64-gcc10-UCRT 1.4.3 ERROR
r-patched-linux-x86_64 1.4.3 4.92 44.33 49.25 OK
r-patched-solaris-x86 1.4.3 85.00 OK
r-release-linux-x86_64 1.4.3 4.43 44.68 49.11 OK
r-release-macos-arm64 1.4.3 OK
r-release-macos-x86_64 1.4.3 OK
r-release-windows-ix86+x86_64 1.4.3 12.00 47.00 59.00 OK
r-oldrel-macos-x86_64 1.4.3 OK
r-oldrel-windows-ix86+x86_64 1.4.3 13.00 53.00 66.00 OK

Check Details

Version: 1.4.3
Check: whether package can be installed
Result: WARN
    Found the following significant warnings:
     WARNING: installation-time patches will not be applied, could not get the patches index
Flavor: r-devel-windows-x86_64-gcc10-UCRT

Version: 1.4.3
Check: PDF version of manual
Result: WARN
    LaTeX errors when creating PDF version.
    This typically indicates Rd problems.
Flavor: r-devel-windows-x86_64-gcc10-UCRT

Version: 1.4.3
Check: PDF version of manual without hyperrefs or index
Result: ERROR
    Re-running with no redirection of stdout/stderr.
Flavor: r-devel-windows-x86_64-gcc10-UCRT