CRAN Package Check Results for Package pseval

Last updated on 2021-09-28 06:48:33 CEST.

Flavor Version Tinstall Tcheck Ttotal Status Flags
r-devel-linux-x86_64-debian-clang 1.3.1 4.44 184.29 188.73 NOTE
r-devel-linux-x86_64-debian-gcc 1.3.1 3.66 131.44 135.10 NOTE
r-devel-linux-x86_64-fedora-clang 1.3.1 229.49 NOTE
r-devel-linux-x86_64-fedora-gcc 1.3.1 216.92 NOTE
r-devel-windows-x86_64 1.3.1 5.00 171.00 176.00 NOTE
r-devel-windows-x86_64-gcc10-UCRT 1.3.1 NOTE
r-patched-linux-x86_64 1.3.1 4.77 174.54 179.31 NOTE
r-patched-solaris-x86 1.3.1 244.00 NOTE
r-release-linux-x86_64 1.3.1 4.75 173.05 177.80 NOTE
r-release-macos-arm64 1.3.1 NOTE
r-release-macos-x86_64 1.3.1 NOTE
r-release-windows-ix86+x86_64 1.3.1 8.00 168.00 176.00 NOTE
r-oldrel-macos-x86_64 1.3.1 OK
r-oldrel-windows-ix86+x86_64 1.3.1 7.00 173.00 180.00 OK

Check Details

Version: 1.3.1
Check: LazyData
Result: NOTE
     'LazyData' is specified without a 'data' directory
Flavors: r-devel-linux-x86_64-debian-clang, r-devel-linux-x86_64-debian-gcc, r-devel-linux-x86_64-fedora-clang, r-devel-linux-x86_64-fedora-gcc, r-devel-windows-x86_64, r-devel-windows-x86_64-gcc10-UCRT, r-patched-linux-x86_64, r-patched-solaris-x86, r-release-linux-x86_64, r-release-macos-arm64, r-release-macos-x86_64, r-release-windows-ix86+x86_64