CRAN Package Check Results for Package psfmi

Last updated on 2021-09-27 06:48:33 CEST.

Flavor Version Tinstall Tcheck Ttotal Status Flags
r-devel-linux-x86_64-debian-clang 1.0.0 26.70 694.93 721.63 OK
r-devel-linux-x86_64-debian-gcc 1.0.0 21.80 495.93 517.73 OK
r-devel-linux-x86_64-fedora-clang 1.0.0 819.87 NOTE
r-devel-linux-x86_64-fedora-gcc 1.0.0 811.12 NOTE
r-devel-windows-x86_64 1.0.0 47.00 784.00 831.00 OK
r-devel-windows-x86_64-gcc10-UCRT 1.0.0 NOTE
r-patched-linux-x86_64 0.7.1 25.17 658.77 683.94 OK
r-patched-solaris-x86 1.0.0 334.20 NOTE
r-release-linux-x86_64 1.0.0 28.31 717.01 745.32 OK
r-release-macos-arm64 0.7.1 OK
r-release-macos-x86_64 1.0.0 NOTE
r-release-windows-ix86+x86_64 1.0.0 43.00 601.00 644.00 OK
r-oldrel-macos-x86_64 1.0.0 NOTE
r-oldrel-windows-ix86+x86_64 0.7.1 38.00 581.00 619.00 OK

Check Details

Version: 1.0.0
Check: dependencies in R code
Result: NOTE
    Namespace in Imports field not imported from: ‘miceadds’
     All declared Imports should be used.
Flavors: r-devel-linux-x86_64-fedora-clang, r-devel-linux-x86_64-fedora-gcc, r-devel-windows-x86_64-gcc10-UCRT, r-patched-solaris-x86, r-release-macos-x86_64, r-oldrel-macos-x86_64