CRAN Package Check Results for Package pspline

Last updated on 2021-10-27 04:59:59 CEST.

Flavor Version Tinstall Tcheck Ttotal Status Flags
r-devel-linux-x86_64-debian-clang 1.0-18 3.89 20.29 24.18 NOTE
r-devel-linux-x86_64-debian-gcc 1.0-18 2.94 16.25 19.19 NOTE
r-devel-linux-x86_64-fedora-clang 1.0-18 41.02 NOTE
r-devel-linux-x86_64-fedora-gcc 1.0-18 30.03 NOTE
r-devel-windows-x86_64 1.0-18 6.00 32.00 38.00 OK
r-devel-windows-x86_64-gcc10-UCRT 1.0-18 OK
r-patched-linux-x86_64 1.0-18 3.52 20.13 23.65 NOTE
r-patched-solaris-x86 1.0-18 47.20 OK
r-release-linux-x86_64 1.0-18 3.54 19.76 23.30 NOTE
r-release-macos-arm64 1.0-18 OK
r-release-macos-x86_64 1.0-18 OK
r-release-windows-ix86+x86_64 1.0-18 10.00 35.00 45.00 OK
r-oldrel-macos-x86_64 1.0-18 OK
r-oldrel-windows-ix86+x86_64 1.0-18 9.00 33.00 42.00 OK

Check Details

Version: 1.0-18
Check: top-level files
Result: NOTE
    Non-standard file/directory found at top level:
     'orig'
Flavors: r-devel-linux-x86_64-debian-clang, r-devel-linux-x86_64-debian-gcc, r-devel-linux-x86_64-fedora-clang, r-devel-linux-x86_64-fedora-gcc, r-patched-linux-x86_64, r-release-linux-x86_64