CRAN Package Check Results for Package pssmooth

Last updated on 2021-10-22 12:59:24 CEST.

Flavor Version Tinstall Tcheck Ttotal Status Flags
r-devel-linux-x86_64-debian-clang 1.0.3 10.73 104.45 115.18 NOTE
r-devel-linux-x86_64-debian-gcc 1.0.3 8.69 79.85 88.54 NOTE
r-devel-linux-x86_64-fedora-clang 1.0.3 148.49 NOTE
r-devel-linux-x86_64-fedora-gcc 1.0.3 136.82 NOTE
r-devel-windows-x86_64 1.0.3 17.00 108.00 125.00 NOTE
r-devel-windows-x86_64-gcc10-UCRT 1.0.3 NOTE
r-patched-linux-x86_64 1.0.3 9.80 100.55 110.35 NOTE
r-patched-solaris-x86 1.0.3 212.00 NOTE
r-release-linux-x86_64 1.0.3 11.19 102.50 113.69 NOTE
r-release-macos-arm64 1.0.3 NOTE
r-release-macos-x86_64 1.0.3 NOTE
r-release-windows-ix86+x86_64 1.0.3 19.00 126.00 145.00 NOTE
r-oldrel-macos-x86_64 1.0.3 OK
r-oldrel-windows-ix86+x86_64 1.0.3 26.00 126.00 152.00 OK

Check Details

Version: 1.0.3
Check: LazyData
Result: NOTE
     'LazyData' is specified without a 'data' directory
Flavors: r-devel-linux-x86_64-debian-clang, r-devel-linux-x86_64-debian-gcc, r-devel-linux-x86_64-fedora-clang, r-devel-linux-x86_64-fedora-gcc, r-devel-windows-x86_64, r-devel-windows-x86_64-gcc10-UCRT, r-patched-linux-x86_64, r-patched-solaris-x86, r-release-linux-x86_64, r-release-macos-arm64, r-release-macos-x86_64, r-release-windows-ix86+x86_64