Last updated on 2023-01-28 02:57:27 CET.
Flavor | Version | Tinstall | Tcheck | Ttotal | Status | Flags |
---|---|---|---|---|---|---|
r-devel-linux-x86_64-debian-clang | 0.0.8 | 44.18 | 55.63 | 99.81 | OK | |
r-devel-linux-x86_64-debian-gcc | 0.0.8 | 36.74 | 41.05 | 77.79 | NOTE | |
r-devel-linux-x86_64-fedora-clang | 0.0.8 | 148.10 | NOTE | |||
r-devel-linux-x86_64-fedora-gcc | 0.0.8 | 132.40 | NOTE | |||
r-patched-linux-x86_64 | 0.0.8 | 43.41 | 54.08 | 97.49 | OK | |
r-release-linux-x86_64 | 0.0.8 | 35.85 | 54.56 | 90.41 | OK | |
r-release-macos-arm64 | 0.0.8 | 44.00 | OK | |||
r-release-macos-x86_64 | 0.0.8 | 64.00 | OK | |||
r-release-windows-x86_64 | 0.0.8 | 46.00 | 102.00 | 148.00 | OK | |
r-oldrel-macos-arm64 | 0.0.8 | 36.00 | OK | |||
r-oldrel-macos-x86_64 | 0.0.8 | 47.00 | OK | |||
r-oldrel-windows-ix86+x86_64 | 0.0.8 | 115.00 | 117.00 | 232.00 | OK |
Version: 0.0.8
Check: C++ specification
Result: NOTE
Specified C++11: please update to current default of C++17
Flavors: r-devel-linux-x86_64-debian-gcc, r-devel-linux-x86_64-fedora-clang, r-devel-linux-x86_64-fedora-gcc