Last updated on 2023-05-28 01:54:05 CEST.
Flavor | Version | Tinstall | Tcheck | Ttotal | Status | Flags |
---|---|---|---|---|---|---|
r-devel-linux-x86_64-debian-clang | 7.1-1 | 7.86 | 24.84 | 32.70 | OK | |
r-devel-linux-x86_64-debian-gcc | 7.1-1 | 8.59 | 20.04 | 28.63 | OK | |
r-devel-linux-x86_64-fedora-clang | 7.1-1 | 42.87 | NOTE | |||
r-devel-linux-x86_64-fedora-gcc | 7.1-1 | 41.68 | OK | |||
r-devel-windows-x86_64 | 7.1-1 | 8.00 | 43.00 | 51.00 | NOTE | |
r-patched-linux-x86_64 | 7.1-1 | 8.99 | 24.92 | 33.91 | OK | |
r-release-linux-x86_64 | 7.1-1 | 7.87 | 24.40 | 32.27 | OK | |
r-release-macos-arm64 | 7.1-1 | 21.00 | NOTE | |||
r-release-macos-x86_64 | 7.1-1 | 31.00 | NOTE | |||
r-release-windows-x86_64 | 7.1-1 | 8.00 | 50.00 | 58.00 | NOTE | |
r-oldrel-macos-arm64 | 7.1-1 | 32.00 | NOTE | |||
r-oldrel-macos-x86_64 | 7.1-1 | 28.00 | NOTE | |||
r-oldrel-windows-x86_64 | 7.1-1 | 17.00 | 53.00 | 70.00 | NOTE |
Version: 7.1-1
Check: installed package size
Result: NOTE
installed size is 7.3Mb
sub-directories of 1Mb or more:
data 7.2Mb
Flavors: r-devel-linux-x86_64-fedora-clang, r-devel-windows-x86_64, r-release-macos-arm64, r-release-macos-x86_64, r-release-windows-x86_64, r-oldrel-macos-arm64, r-oldrel-macos-x86_64, r-oldrel-windows-x86_64