CRAN Package Check Results for Package qap

Last updated on 2021-09-20 07:50:54 CEST.

Flavor Version Tinstall Tcheck Ttotal Status Flags
r-devel-linux-x86_64-debian-clang 0.1-1 3.10 24.87 27.97 OK
r-devel-linux-x86_64-debian-gcc 0.1-1 2.41 19.37 21.78 OK
r-devel-linux-x86_64-fedora-clang 0.1-1 41.61 OK
r-devel-linux-x86_64-fedora-gcc 0.1-1 31.26 OK
r-devel-windows-x86_64 0.1-1 7.00 32.00 39.00 OK
r-devel-windows-x86_64-gcc10-UCRT 0.1-1 ERROR
r-patched-linux-x86_64 0.1-1 2.91 24.11 27.02 OK
r-patched-solaris-x86 0.1-1 48.50 OK
r-release-linux-x86_64 0.1-1 2.92 24.12 27.04 OK
r-release-macos-arm64 0.1-1 OK
r-release-macos-x86_64 0.1-1 OK
r-release-windows-ix86+x86_64 0.1-1 11.00 37.00 48.00 OK
r-oldrel-macos-x86_64 0.1-1 OK
r-oldrel-windows-ix86+x86_64 0.1-1 11.00 38.00 49.00 OK

Check Details

Version: 0.1-1
Check: whether package can be installed
Result: ERROR
    Installation failed.
Flavor: r-devel-windows-x86_64-gcc10-UCRT