Last updated on 2025-01-26 00:49:30 CET.
Flavor | Version | Tinstall | Tcheck | Ttotal | Status | Flags |
---|---|---|---|---|---|---|
r-devel-linux-x86_64-debian-clang | 1.3.4 | 14.33 | 337.17 | 351.50 | OK | |
r-devel-linux-x86_64-debian-gcc | 1.3.4 | 9.70 | 266.89 | 276.59 | OK | |
r-devel-linux-x86_64-fedora-clang | 1.3.4 | 560.10 | OK | |||
r-devel-linux-x86_64-fedora-gcc | 1.3.4 | 598.76 | OK | |||
r-devel-windows-x86_64 | 1.3.4 | 17.00 | 331.00 | 348.00 | OK | |
r-patched-linux-x86_64 | 1.3.4 | 10.88 | 343.42 | 354.30 | OK | |
r-release-linux-x86_64 | 1.3.4 | 12.34 | 340.89 | 353.23 | OK | |
r-release-macos-arm64 | 1.3.4 | 215.00 | NOTE | |||
r-release-macos-x86_64 | 1.3.4 | 306.00 | NOTE | |||
r-release-windows-x86_64 | 1.3.4 | 19.00 | 334.00 | 353.00 | NOTE | |
r-oldrel-macos-arm64 | 1.3.4 | 235.00 | NOTE | |||
r-oldrel-macos-x86_64 | 1.3.4 | 375.00 | NOTE | |||
r-oldrel-windows-x86_64 | 1.3.4 | 20.00 | 398.00 | 418.00 | NOTE |
Version: 1.3.4
Check: installed package size
Result: NOTE
installed size is 6.0Mb
sub-directories of 1Mb or more:
doc 5.2Mb
Flavors: r-release-macos-arm64, r-release-macos-x86_64, r-release-windows-x86_64, r-oldrel-macos-arm64, r-oldrel-macos-x86_64, r-oldrel-windows-x86_64