CRAN Package Check Results for Package qtlDesign

Last updated on 2021-09-20 07:50:54 CEST.

Flavor Version Tinstall Tcheck Ttotal Status Flags
r-devel-linux-x86_64-debian-clang 0.941 3.17 25.72 28.89 NOTE
r-devel-linux-x86_64-debian-gcc 0.941 2.12 19.83 21.95 NOTE
r-devel-linux-x86_64-fedora-clang 0.941 43.56 NOTE
r-devel-linux-x86_64-fedora-gcc 0.941 32.70 NOTE
r-devel-windows-x86_64 0.941 3.00 29.00 32.00 NOTE
r-devel-windows-x86_64-gcc10-UCRT 0.941 ERROR
r-patched-linux-x86_64 0.941 3.01 24.91 27.92 NOTE
r-patched-solaris-x86 0.941 49.80 NOTE
r-release-linux-x86_64 0.941 2.64 24.63 27.27 NOTE
r-release-macos-arm64 0.941 NOTE
r-release-macos-x86_64 0.941 NOTE
r-release-windows-ix86+x86_64 0.941 6.00 28.00 34.00 NOTE
r-oldrel-macos-x86_64 0.941 NOTE
r-oldrel-windows-ix86+x86_64 0.941 4.00 26.00 30.00 NOTE

Check Details

Version: 0.941
Check: DESCRIPTION meta-information
Result: NOTE
    Malformed Description field: should contain one or more complete sentences.
Flavors: r-devel-linux-x86_64-debian-clang, r-devel-linux-x86_64-debian-gcc, r-devel-linux-x86_64-fedora-clang, r-devel-linux-x86_64-fedora-gcc, r-devel-windows-x86_64, r-devel-windows-x86_64-gcc10-UCRT, r-patched-linux-x86_64, r-patched-solaris-x86, r-release-linux-x86_64, r-release-macos-arm64, r-release-macos-x86_64, r-release-windows-ix86+x86_64, r-oldrel-macos-x86_64, r-oldrel-windows-ix86+x86_64

Version: 0.941
Check: R code for possible problems
Result: NOTE
    ci.length: no visible global function definition for 'qexp'
    detectable.bc: no visible global function definition for 'uniroot'
    detectable.f2: no visible global function definition for 'uniroot'
    detectable.ri: no visible global function definition for 'uniroot'
    nu: no visible global function definition for 'pnorm'
    nullinfo: no visible global function definition for 'qnorm'
    nullinfo: no visible global function definition for 'dnorm'
    optselection.bc: no visible global function definition for 'optimize'
    optselection.f2: no visible global function definition for 'optimize'
    optspacing.bc: no visible global function definition for 'optim'
    optspacing.bc: no visible global function definition for 'optimize'
    optspacing.f2: no visible global function definition for 'optim'
    optspacing.f2: no visible global function definition for 'optimize'
    powercalc.bc: no visible global function definition for 'pchisq'
    powercalc.f2: no visible global function definition for 'pchisq'
    samplesize.bc: no visible global function definition for 'uniroot'
    samplesize.f2: no visible global function definition for 'uniroot'
    samplesize.ri: no visible global function definition for 'uniroot'
    tailprob: no visible global function definition for 'pchisq'
    thresh: no visible global function definition for 'uniroot'
    Undefined global functions or variables:
     dnorm optim optimize pchisq pnorm qexp qnorm uniroot
    Consider adding
     importFrom("stats", "dnorm", "optim", "optimize", "pchisq", "pnorm",
     "qexp", "qnorm", "uniroot")
    to your NAMESPACE file.
Flavors: r-devel-linux-x86_64-debian-clang, r-devel-linux-x86_64-debian-gcc, r-devel-linux-x86_64-fedora-clang, r-devel-linux-x86_64-fedora-gcc, r-devel-windows-x86_64, r-devel-windows-x86_64-gcc10-UCRT, r-patched-linux-x86_64, r-patched-solaris-x86, r-release-linux-x86_64, r-release-macos-arm64, r-release-macos-x86_64, r-release-windows-ix86+x86_64, r-oldrel-macos-x86_64, r-oldrel-windows-ix86+x86_64

Version: 0.941
Check: Rd cross-references
Result: NOTE
    Undeclared package ‘qtl’ in Rd xrefs
Flavor: r-devel-linux-x86_64-fedora-clang

Version: 0.941
Check: whether package can be installed
Result: WARN
    Found the following significant warnings:
     WARNING: installation-time patches will not be applied, could not get the patches index
Flavor: r-devel-windows-x86_64-gcc10-UCRT

Version: 0.941
Check: PDF version of manual
Result: WARN
    LaTeX errors when creating PDF version.
    This typically indicates Rd problems.
Flavor: r-devel-windows-x86_64-gcc10-UCRT

Version: 0.941
Check: PDF version of manual without hyperrefs or index
Result: ERROR
    Re-running with no redirection of stdout/stderr.
Flavor: r-devel-windows-x86_64-gcc10-UCRT