CRAN Package Check Results for Package quanteda.textplots

Last updated on 2021-10-22 12:59:25 CEST.

Flavor Version Tinstall Tcheck Ttotal Status Flags
r-devel-linux-x86_64-debian-clang 0.94 25.79 140.58 166.37 NOTE
r-devel-linux-x86_64-debian-gcc 0.94 19.56 105.96 125.52 NOTE
r-devel-linux-x86_64-fedora-clang 0.94 215.11 NOTE
r-devel-linux-x86_64-fedora-gcc 0.94 208.36 NOTE
r-devel-windows-x86_64 0.94 38.00 159.00 197.00 NOTE
r-devel-windows-x86_64-gcc10-UCRT 0.94 ERROR
r-patched-linux-x86_64 0.94 29.04 134.58 163.62 NOTE
r-patched-solaris-x86 0.94 321.70 NOTE
r-release-linux-x86_64 0.94 22.69 132.59 155.28 NOTE
r-release-macos-arm64 0.94 NOTE
r-release-macos-x86_64 0.94 NOTE
r-release-windows-ix86+x86_64 0.94 60.00 283.00 343.00 NOTE
r-oldrel-macos-x86_64 0.94 OK
r-oldrel-windows-ix86+x86_64 0.94 66.00 261.00 327.00 OK

Check Details

Version: 0.94
Check: LazyData
Result: NOTE
     'LazyData' is specified without a 'data' directory
Flavors: r-devel-linux-x86_64-debian-clang, r-devel-linux-x86_64-debian-gcc, r-devel-linux-x86_64-fedora-clang, r-devel-linux-x86_64-fedora-gcc, r-devel-windows-x86_64, r-patched-linux-x86_64, r-patched-solaris-x86, r-release-linux-x86_64, r-release-macos-arm64, r-release-macos-x86_64, r-release-windows-ix86+x86_64

Version: 0.94
Check: package dependencies
Result: ERROR
    Package required but not available: 'igraph'
    
    See section 'The DESCRIPTION file' in the 'Writing R Extensions'
    manual.
Flavor: r-devel-windows-x86_64-gcc10-UCRT