CRAN Package Check Results for Package rAmCharts4

Last updated on 2021-11-27 09:52:37 CET.

Flavor Version Tinstall Tcheck Ttotal Status Flags
r-devel-linux-x86_64-debian-clang 1.5.0 OK
r-devel-linux-x86_64-debian-gcc 1.5.0 6.96 50.37 57.33 OK
r-devel-linux-x86_64-fedora-clang 1.5.0 100.44 NOTE
r-devel-linux-x86_64-fedora-gcc 1.5.0 89.95 OK
r-devel-windows-x86_64-new-UL 1.5.0 31.00 114.00 145.00 NOTE
r-devel-windows-x86_64-new-TK 1.5.0 OK
r-devel-windows-x86_64-old 1.5.0 12.00 92.00 104.00 NOTE
r-patched-linux-x86_64 1.5.0 13.29 63.35 76.64 OK
r-patched-solaris-x86 1.5.0 127.30 NOTE
r-release-linux-x86_64 1.5.0 OK
r-release-macos-arm64 1.5.0 NOTE
r-release-macos-x86_64 1.5.0 NOTE
r-release-windows-ix86+x86_64 1.5.0 20.00 63.00 83.00 NOTE
r-oldrel-macos-x86_64 1.5.0 NOTE
r-oldrel-windows-ix86+x86_64 1.5.0 21.00 89.00 110.00 NOTE

Check Details

Version: 1.5.0
Check: installed package size
Result: NOTE
     installed size is 11.3Mb
     sub-directories of 1Mb or more:
     htmlwidgets 9.8Mb
     super-tiny-icons 1.0Mb
Flavors: r-devel-linux-x86_64-fedora-clang, r-devel-windows-x86_64-new-UL, r-devel-windows-x86_64-old, r-patched-solaris-x86, r-release-macos-arm64, r-release-macos-x86_64, r-release-windows-ix86+x86_64, r-oldrel-macos-x86_64, r-oldrel-windows-ix86+x86_64