CRAN Package Check Results for Package rAvis

Last updated on 2021-11-27 09:52:37 CET.

Flavor Version Tinstall Tcheck Ttotal Status Flags
r-devel-linux-x86_64-debian-clang 0.1.4 NOTE
r-devel-linux-x86_64-debian-gcc 0.1.4 20.69 174.03 194.72 NOTE
r-devel-linux-x86_64-fedora-clang 0.1.4 315.44 NOTE
r-devel-linux-x86_64-fedora-gcc 0.1.4 309.15 NOTE
r-devel-windows-x86_64-new-UL 0.1.4 48.00 313.00 361.00 NOTE
r-devel-windows-x86_64-new-TK 0.1.4 NOTE
r-devel-windows-x86_64-old 0.1.4 31.00 293.00 324.00 NOTE
r-patched-linux-x86_64 0.1.4 24.19 222.76 246.95 NOTE
r-patched-solaris-x86 0.1.4 405.00 NOTE
r-release-linux-x86_64 0.1.4 NOTE
r-release-macos-arm64 0.1.4 NOTE
r-release-macos-x86_64 0.1.4 NOTE
r-release-windows-ix86+x86_64 0.1.4 70.00 214.00 284.00 NOTE
r-oldrel-macos-x86_64 0.1.4 NOTE
r-oldrel-windows-ix86+x86_64 0.1.4 45.00 326.00 371.00 NOTE

Check Details

Version: 0.1.4
Check: R code for possible problems
Result: NOTE
    .avisApiBusAvanzada: no visible global function definition for
     'read.csv'
    .avisRenderMapAdmin: no visible global function definition for 'points'
    .avisRenderMapAdmin: no visible global function definition for 'rect'
    .avisRenderMapPhysical: no visible global function definition for
     'points'
    avisMap: no visible global function definition for 'par'
    avisMap: no visible global function definition for 'layout'
    Undefined global functions or variables:
     layout par points read.csv rect
    Consider adding
     importFrom("graphics", "layout", "par", "points", "rect")
     importFrom("utils", "read.csv")
    to your NAMESPACE file.
Flavors: r-devel-linux-x86_64-debian-clang, r-devel-linux-x86_64-debian-gcc, r-devel-linux-x86_64-fedora-clang, r-devel-linux-x86_64-fedora-gcc, r-devel-windows-x86_64-new-UL, r-devel-windows-x86_64-new-TK, r-devel-windows-x86_64-old, r-patched-linux-x86_64, r-patched-solaris-x86, r-release-linux-x86_64, r-release-macos-arm64, r-release-macos-x86_64, r-release-windows-ix86+x86_64, r-oldrel-macos-x86_64, r-oldrel-windows-ix86+x86_64