CRAN Package Check Results for Package rFUSION

Last updated on 2021-09-27 06:48:35 CEST.

Flavor Version Tinstall Tcheck Ttotal Status Flags
r-devel-windows-x86_64 0.1 6.00 48.00 54.00 NOTE
r-devel-windows-x86_64-gcc10-UCRT 0.1 NOTE
r-release-macos-arm64 0.1 NOTE
r-release-windows-ix86+x86_64 0.1 11.00 47.00 58.00 NOTE
r-oldrel-windows-ix86+x86_64 0.1 8.00 47.00 55.00 OK

Check Details

Version: 0.1
Check: LazyData
Result: NOTE
     'LazyData' is specified without a 'data' directory
Flavors: r-devel-windows-x86_64, r-devel-windows-x86_64-gcc10-UCRT, r-release-macos-arm64, r-release-windows-ix86+x86_64