CRAN Package Check Results for Package rFUSION

Last updated on 2023-06-01 02:53:59 CEST.

Flavor Version Tinstall Tcheck Ttotal Status Flags
r-devel-windows-x86_64 0.1 7.00 53.00 60.00 NOTE
r-release-macos-x86_64 0.1 6.00 ERROR
r-release-windows-x86_64 0.1 7.00 59.00 66.00 NOTE
r-oldrel-windows-x86_64 0.1 7.00 61.00 68.00 NOTE

Check Details

Version: 0.1
Check: LazyData
Result: NOTE
     'LazyData' is specified without a 'data' directory
Flavors: r-devel-windows-x86_64, r-release-macos-x86_64, r-release-windows-x86_64, r-oldrel-windows-x86_64

Version: 0.1
Check: PDF version of manual
Result: WARN
    LaTeX errors when creating PDF version.
    This typically indicates Rd problems.
Flavor: r-release-macos-x86_64

Version: 0.1
Check: PDF version of manual without index
Result: ERROR
    Re-running with no redirection of stdout/stderr.
Flavor: r-release-macos-x86_64