CRAN Package Check Results for Package rPanglaoDB

Last updated on 2021-09-17 06:48:56 CEST.

Flavor Version Tinstall Tcheck Ttotal Status Flags
r-devel-linux-x86_64-debian-clang 0.2.1 20.12 167.03 187.15 OK
r-devel-linux-x86_64-debian-gcc 0.2.1 17.28 121.82 139.10 OK
r-devel-linux-x86_64-fedora-clang 0.2.1 224.32 OK
r-devel-linux-x86_64-fedora-gcc 0.2.1 230.61 OK
r-devel-windows-x86_64 0.2.1 22.00 197.00 219.00 OK
r-devel-windows-x86_64-gcc10-UCRT 0.2.1 OK
r-patched-linux-x86_64 0.2.1 18.27 153.62 171.89 OK
r-patched-solaris-x86 0.2.1 299.60 OK
r-release-linux-x86_64 0.2.1 19.65 153.99 173.64 OK
r-release-macos-arm64 0.2.1 OK
r-release-macos-x86_64 0.2.1 OK
r-release-windows-ix86+x86_64 0.2.1 46.00 135.00 181.00 OK
r-oldrel-macos-x86_64 0.2.1 OK
r-oldrel-windows-ix86+x86_64 0.2.1 4.00 8.00 12.00 ERROR

Check Details

Version: 0.2.1
Check: whether package can be installed
Result: ERROR
    Installation failed.
Flavor: r-oldrel-windows-ix86+x86_64