CRAN Package Check Results for Package rWishart

Last updated on 2022-08-10 01:49:19 CEST.

Flavor Version Tinstall Tcheck Ttotal Status Flags
r-devel-linux-x86_64-debian-clang 0.1.2 8.01 64.25 72.26 NOTE
r-devel-linux-x86_64-debian-gcc 0.1.2 5.20 49.46 54.66 NOTE
r-devel-linux-x86_64-fedora-clang 0.1.2 95.57 NOTE
r-devel-linux-x86_64-fedora-gcc 0.1.2 93.62 NOTE
r-devel-windows-x86_64 0.1.2 17.00 86.00 103.00 NOTE
r-patched-linux-x86_64 0.1.2 7.96 61.47 69.43 NOTE
r-release-linux-x86_64 0.1.2 NOTE
r-release-macos-arm64 0.1.2 29.00 NOTE
r-release-macos-x86_64 0.1.2 41.00 NOTE
r-release-windows-x86_64 0.1.2 17.00 90.00 107.00 NOTE
r-oldrel-macos-arm64 0.1.2 33.00 NOTE
r-oldrel-macos-x86_64 0.1.2 57.00 NOTE
r-oldrel-windows-ix86+x86_64 0.1.2 16.00 82.00 98.00 NOTE

Check Details

Version: 0.1.2
Check: LazyData
Result: NOTE
     'LazyData' is specified without a 'data' directory
Flavors: r-devel-linux-x86_64-debian-clang, r-devel-linux-x86_64-debian-gcc, r-devel-linux-x86_64-fedora-clang, r-devel-linux-x86_64-fedora-gcc, r-devel-windows-x86_64, r-patched-linux-x86_64, r-release-linux-x86_64, r-release-macos-arm64, r-release-macos-x86_64, r-release-windows-x86_64, r-oldrel-macos-arm64, r-oldrel-macos-x86_64, r-oldrel-windows-ix86+x86_64