CRAN Package Check Results for Package radlibs

Last updated on 2021-11-27 09:52:37 CET.

Flavor Version Tinstall Tcheck Ttotal Status Flags
r-devel-linux-x86_64-debian-clang 0.2.0 OK
r-devel-linux-x86_64-debian-gcc 0.2.0 1.75 28.18 29.93 OK
r-devel-linux-x86_64-fedora-clang 0.2.0 58.70 NOTE
r-devel-linux-x86_64-fedora-gcc 0.2.0 45.82 NOTE
r-devel-windows-x86_64-new-UL 0.2.0 9.00 82.00 91.00 OK
r-devel-windows-x86_64-new-TK 0.2.0 NOTE
r-devel-windows-x86_64-old 0.2.0 5.00 56.00 61.00 OK
r-patched-linux-x86_64 0.2.0 2.48 33.98 36.46 OK
r-patched-solaris-x86 0.2.0 73.10 NOTE
r-release-linux-x86_64 0.2.0 OK
r-release-macos-arm64 0.2.0 NOTE
r-release-macos-x86_64 0.2.0 NOTE
r-release-windows-ix86+x86_64 0.2.0 7.00 41.00 48.00 OK
r-oldrel-macos-x86_64 0.2.0 NOTE
r-oldrel-windows-ix86+x86_64 0.2.0 8.00 50.00 58.00 OK

Check Details

Version: 0.2.0
Check: data for non-ASCII characters
Result: NOTE
     Note: found 3 marked UTF-8 strings
Flavors: r-devel-linux-x86_64-fedora-clang, r-devel-linux-x86_64-fedora-gcc, r-devel-windows-x86_64-new-TK, r-patched-solaris-x86, r-release-macos-arm64, r-release-macos-x86_64, r-oldrel-macos-x86_64