CRAN Package Check Results for Package ragtop

Last updated on 2021-09-22 06:48:43 CEST.

Flavor Version Tinstall Tcheck Ttotal Status Flags
r-devel-linux-x86_64-debian-clang 1.1.1 8.08 580.83 588.91 OK
r-devel-linux-x86_64-debian-gcc 1.1.1 5.45 422.13 427.58 OK
r-devel-linux-x86_64-fedora-clang 1.1.1 661.90 OK
r-devel-linux-x86_64-fedora-gcc 1.1.1 677.48 OK
r-devel-windows-x86_64 1.1.1 9.00 484.00 493.00 OK
r-devel-windows-x86_64-gcc10-UCRT 1.1.1 ERROR
r-patched-linux-x86_64 1.1.1 9.08 545.20 554.28 OK
r-patched-solaris-x86 1.1.1 729.20 OK
r-release-linux-x86_64 1.1.1 6.05 538.24 544.29 OK
r-release-macos-arm64 1.1.1 WARN
r-release-macos-x86_64 1.1.1 OK
r-release-windows-ix86+x86_64 1.1.1 15.00 513.00 528.00 OK
r-oldrel-macos-x86_64 1.1.1 OK
r-oldrel-windows-ix86+x86_64 1.1.1 15.00 475.00 490.00 OK

Check Details

Version: 1.1.1
Check: package dependencies
Result: NOTE
    Package suggested but not available for checking: 'roxygen2'
Flavor: r-devel-windows-x86_64-gcc10-UCRT

Version: 1.1.1
Check: PDF version of manual
Result: WARN
    LaTeX errors when creating PDF version.
    This typically indicates Rd problems.
Flavor: r-devel-windows-x86_64-gcc10-UCRT

Version: 1.1.1
Check: PDF version of manual without hyperrefs or index
Result: ERROR
    Re-running with no redirection of stdout/stderr.
Flavor: r-devel-windows-x86_64-gcc10-UCRT

Version: 1.1.1
Check: re-building of vignette outputs
Result: WARN
    Error(s) in re-building vignettes:
     ...
    --- re-building ‘ragtop_convertibles_in_r.Rmd’ using rmarkdown
    Pandoc is required to build R Markdown vignettes but not available. Please make sure it is installed.
    Warning: Removed 39 row(s) containing missing values (geom_path).
    Quitting from lines 425-461 (ragtop_convertibles_in_r.Rmd)
    Error: processing vignette 'ragtop_convertibles_in_r.Rmd' failed with diagnostics:
    argument is of length zero
    --- failed re-building ‘ragtop_convertibles_in_r.Rmd’
    
    SUMMARY: processing the following file failed:
     ‘ragtop_convertibles_in_r.Rmd’
    
    Error: Vignette re-building failed.
    Execution halted
Flavor: r-release-macos-arm64