CRAN Package Check Results for Package raveio

Last updated on 2021-10-22 12:59:25 CEST.

Flavor Version Tinstall Tcheck Ttotal Status Flags
r-devel-linux-x86_64-debian-clang 0.0.5 14.71 71.32 86.03 OK
r-devel-linux-x86_64-debian-gcc 0.0.5 12.96 54.42 67.38 OK
r-devel-linux-x86_64-fedora-clang 0.0.5 116.55 OK
r-devel-linux-x86_64-fedora-gcc 0.0.5 104.67 OK
r-devel-windows-x86_64 0.0.5 26.00 103.00 129.00 OK
r-devel-windows-x86_64-gcc10-UCRT 0.0.5 ERROR
r-patched-linux-x86_64 0.0.5 16.62 68.29 84.91 OK
r-patched-solaris-x86 0.0.5 137.60 ERROR
r-release-linux-x86_64 0.0.5 14.36 67.85 82.21 OK
r-release-macos-arm64 0.0.4 OK
r-release-macos-x86_64 0.0.5 OK
r-release-windows-ix86+x86_64 0.0.5 27.00 89.00 116.00 OK
r-oldrel-macos-x86_64 0.0.5 OK
r-oldrel-windows-ix86+x86_64 0.0.5 23.00 94.00 117.00 OK

Check Details

Version: 0.0.5
Check: package dependencies
Result: ERROR
    Package required but not available: 'targets'
    
    See section 'The DESCRIPTION file' in the 'Writing R Extensions'
    manual.
Flavor: r-devel-windows-x86_64-gcc10-UCRT

Version: 0.0.5
Check: examples
Result: ERROR
    Running examples in ‘raveio-Ex.R’ failed
    The error most likely occurred in:
    
    > ### Name: LazyH5
    > ### Title: Lazy 'HDF5' file loader
    > ### Aliases: LazyH5
    >
    > ### ** Examples
    >
    > # Data to save
    > x <- array(rnorm(1000), c(10,10,10))
    >
    > # Save to local disk
    > f <- tempfile()
    > save_h5(x, file = f, name = 'x', chunk = c(10,10,10), level = 0)
    /tmp/Rtmp6DaG3U/working_dir/RtmpKbaiA6/file74d170e96d8c => x (Dataset Created)
    /tmp/Rtmp6DaG3U/working_dir/RtmpKbaiA6/file74d170e96d8c => x (Dataset Removed)
    /tmp/Rtmp6DaG3U/working_dir/RtmpKbaiA6/file74d170e96d8c => x (Dataset Created)
    >
    > # Load via LazyFST
    > dat <- LazyH5$new(file_path = f, data_name = 'x', read_only = TRUE)
    >
    > dat
    >
    > # Check whether the data is identical
    > range(dat - x)
    Error in self$read_low_level(file_space = self_space_id, mem_space = mem_space_id, :
     HDF5-API Errors:
     error #000: H5T.c in H5Tget_class(): line 1876: not a datatype
     class: HDF5
     major: Invalid arguments to routine
     minor: Inappropriate type
    Calls: -.LazyH5 -> <Anonymous> -> <Anonymous> -> <Anonymous> -> .Call
    Execution halted
Flavor: r-patched-solaris-x86