CRAN Package Check Results for Package rbison

Last updated on 2021-10-22 12:59:26 CEST.

Flavor Version Tinstall Tcheck Ttotal Status Flags
r-devel-linux-x86_64-debian-clang 1.0.0 7.81 76.90 84.71 OK
r-devel-linux-x86_64-debian-gcc 1.0.0 6.35 59.15 65.50 OK
r-devel-linux-x86_64-fedora-clang 1.0.0 111.46 OK
r-devel-linux-x86_64-fedora-gcc 1.0.0 101.37 OK
r-devel-windows-x86_64 1.0.0 12.00 86.00 98.00 OK
r-devel-windows-x86_64-gcc10-UCRT 1.0.0 NOTE
r-patched-linux-x86_64 1.0.0 8.16 73.75 81.91 OK
r-patched-solaris-x86 1.0.0 150.60 OK
r-release-linux-x86_64 1.0.0 6.62 73.20 79.82 OK
r-release-macos-arm64 1.0.0 OK
r-release-macos-x86_64 1.0.0 OK
r-release-windows-ix86+x86_64 1.0.0 11.00 101.00 112.00 OK
r-oldrel-macos-x86_64 1.0.0 OK
r-oldrel-windows-ix86+x86_64 1.0.0 20.00 104.00 124.00 OK

Check Details

Version: 1.0.0
Check: package dependencies
Result: NOTE
    Package suggested but not available for checking: 'taxize'
Flavor: r-devel-windows-x86_64-gcc10-UCRT