CRAN Package Check Results for Package rbtc

Last updated on 2021-11-27 07:49:59 CET.

Flavor Version Tinstall Tcheck Ttotal Status Flags
r-devel-linux-x86_64-debian-clang 0.1-6 NOTE
r-devel-linux-x86_64-debian-gcc 0.1-6 4.26 29.61 33.87 NOTE
r-devel-linux-x86_64-fedora-clang 0.1-6 64.27 NOTE
r-devel-linux-x86_64-fedora-gcc 0.1-6 55.30 NOTE
r-devel-windows-x86_64-new-UL 0.1-6 21.00 81.00 102.00 NOTE
r-devel-windows-x86_64-new-TK 0.1-6 NOTE
r-devel-windows-x86_64-old 0.1-6 9.00 62.00 71.00 NOTE
r-patched-linux-x86_64 0.1-6 7.86 36.58 44.44 NOTE
r-patched-solaris-x86 0.1-6 76.60 NOTE
r-release-linux-x86_64 0.1-6 NOTE
r-release-macos-arm64 0.1-6 NOTE
r-release-macos-x86_64 0.1-6 NOTE
r-release-windows-ix86+x86_64 0.1-6 15.00 50.00 65.00 NOTE
r-oldrel-macos-x86_64 0.1-6 OK
r-oldrel-windows-ix86+x86_64 0.1-6 10.00 62.00 72.00 OK

Check Details

Version: 0.1-6
Check: LazyData
Result: NOTE
     'LazyData' is specified without a 'data' directory
Flavors: r-devel-linux-x86_64-debian-clang, r-devel-linux-x86_64-debian-gcc, r-devel-linux-x86_64-fedora-clang, r-devel-linux-x86_64-fedora-gcc, r-devel-windows-x86_64-new-UL, r-devel-windows-x86_64-new-TK, r-devel-windows-x86_64-old, r-patched-linux-x86_64, r-patched-solaris-x86, r-release-linux-x86_64, r-release-macos-arm64, r-release-macos-x86_64, r-release-windows-ix86+x86_64